Is 9484 a multiple of 18?
False
Is 3 a factor of 191?
False
Is 75 a factor of 450?
True
Is 8526 a multiple of 13?
False
Is 3 a factor of 15428?
False
Is 2752 a multiple of 8?
True
Is 5 a factor of 1675?
True
Is 6 a factor of 14286?
True
Does 70 divide 770?
True
Does 23 divide 3312?
True
Is 208 a factor of 2912?
True
Is 4883 a multiple of 10?
False
Is 1590 a multiple of 15?
True
Does 11 divide 308?
True
Does 13 divide 8619?
True
Does 13 divide 222?
False
Is 17 a factor of 578?
True
Does 11 divide 1655?
False
Does 57 divide 171?
True
Is 20 a factor of 1100?
True
Is 1770 a multiple of 30?
True
Is 9978 a multiple of 3?
True
Is 6 a factor of 318?
True
Is 5815 a multiple of 33?
False
Is 22 a factor of 1213?
False
Is 45 a factor of 2941?
False
Is 153686 a multiple of 46?
True
Is 23 a factor of 374?
False
Does 5 divide 14857?
False
Is 5449 a multiple of 13?
False
Is 68 a factor of 1428?
True
Is 500 a multiple of 10?
True
Does 41 divide 1811?
False
Is 1953 a multiple of 21?
True
Is 3715 a multiple of 56?
False
Is 990 a multiple of 30?
True
Is 9 a factor of 1696?
False
Does 26 divide 1795?
False
Does 20 divide 9874?
False
Does 23 divide 145682?
True
Is 522 a multiple of 6?
True
Is 6824 a multiple of 24?
False
Does 10 divide 581?
False
Is 33 a factor of 3894?
True
Does 35 divide 4165?
True
Is 695 a multiple of 5?
True
Does 115 divide 14767?
False
Is 14560 a multiple of 224?
True
Does 5 divide 658?
False
Is 39 a factor of 155493?
True
Is 16 a factor of 234?
False
Does 37 divide 107?
False
Is 208 a factor of 450?
False
Is 22786 a multiple of 12?
False
Is 2235 a multiple of 19?
False
Is 17 a factor of 1938?
True
Does 21 divide 13566?
True
Does 34 divide 408?
True
Does 10 divide 304?
False
Is 12924 a multiple of 9?
True
Does 9 divide 11582?
False
Does 45 divide 149?
False
Is 2904 a multiple of 79?
False
Is 22 a factor of 93033?
False
Is 39 a factor of 1734?
False
Does 188 divide 7520?
True
Is 8901 a multiple of 9?
True
Does 17 divide 1734?
True
Is 1002 a multiple of 14?
False
Does 17 divide 16887?
False
Is 56267 a multiple of 225?
False
Does 10 divide 155?
False
Is 1016 a multiple of 8?
True
Is 15 a factor of 210?
True
Does 31 divide 1302?
True
Does 6 divide 22372?
False
Is 5 a factor of 146?
False
Does 4 divide 1097?
False
Is 100 a factor of 7200?
True
Is 16 a factor of 240?
True
Is 4 a factor of 2239?
False
Is 11 a factor of 70587?
True
Is 53 a factor of 1113?
True
Does 62 divide 6839?
False
Is 39 a factor of 429?
True
Is 5758 a multiple of 24?
False
Is 4 a factor of 23780?
True
Is 27964 a multiple of 99?
False
Is 75 a factor of 1500?
True
Is 20 a factor of 2001?
False
Is 43814 a multiple of 7?
False
Is 74 a factor of 592?
True
Is 17 a factor of 44673?
False
Is 24 a factor of 1545?
False
Is 6 a factor of 514?
False
Is 27 a factor of 9180?
True
Is 7130 a multiple of 10?
True
Does 46 divide 276?
True
Is 53941 a multiple of 191?
False
Does 29 divide 6003?
True
Is 1892 a multiple of 11?
True
Is 16 a factor of 8497?
False
Is 17317 a multiple of 48?
False
Is 20 a factor of 2040?
True
Is 6 a factor of 105?
False
Is 24642 a multiple of 111?
True
Does 5 divide 316?
False
Does 30 divide 210?
True
Does 7 divide 4206?
False
Is 830 a multiple of 87?
False
Is 53625 a multiple of 33?
True
Is 21008 a multiple of 101?
True
Is 32220 a multiple of 10?
True
Does 13 divide 919?
False
Is 14427 a multiple of 7?
True
Is 78 even?
True
Does 19 divide 628?
False
Does 23 divide 1380?
True
Is 13 a factor of 4693?
True
Is 33 a factor of 1846?
False
Is 13 a factor of 64121?
False
Is 11460 a multiple of 30?
True
Is 26 a factor of 3778?
False
Is 17190 a multiple of 6?
True
Is 1288 a multiple of 7?
True
Is 49 a factor of 490?
True
Does 165 divide 15015?
True
Is 639 a multiple of 45?
False
Is 4708 a multiple of 22?
True
Does 24 divide 45023?
False
Is 13 a factor of 5279?
False
Is 13065 a multiple of 15?
True
Is 102 a factor of 36894?
False
Does 82 divide 1743?
False
Is 149 a factor of 11756?
False
Is 59691 a multiple of 17?
False
Does 12 divide 6865?
False
Is 4 a factor of 836?
True
Is 7 a factor of 419?
False
Is 71786 a multiple of 13?
True
Is 1704 a multiple of 12?
True
Is 4381 a multiple of 95?
False
Does 10 divide 2277?
False
Is 60 a factor of 360?
True
Is 19 a factor of 2907?
True
Is 8028 a multiple of 9?
True
Is 925 a multiple of 11?
False
Is 4915 a multiple of 10?
False
Does 36 divide 2196?
True
Is 12090 a multiple of 3?
True
Is 65 a multiple of 3?
False
Is 132 a multiple of 6?
True
Is 1560 a multiple of 39?
True
Does 7 divide 4200?
True
Is 63559 a multiple of 11?
False
Is 45 a factor of 190?
False
Is 416 a multiple of 8?
True
Is 6894 a multiple of 3?
True
Is 1050 a multiple of 25?
True
Does 20 divide 8040?
True
Is 18 a factor of 1938?
False
Does 12 divide 24726?
False
Is 2314 a multiple of 26?
True
Does 6 divide 13113?
False
Is 2150 a multiple of 43?
True
Is 5896 a multiple of 88?
True
Is 15268 a multiple of 55?
False
Is 6 a factor of 1896?
True
Is 7527 a multiple of 39?
True
Is 315 a multiple of 15?
True
Does 12 divide 74677?
False
Is 20 a factor of 620?
True
Is 15 a factor of 5013?
False
Is 11 a factor of 946?
True
Is 143 a factor of 1001?
True
Is 25916 a multiple of 44?
True
Is 1134 a multiple of 14?
True
Is 3 a factor of 46?
False
Does 27 divide 6048?
True
Is 12515 even?
False
Is 4 a factor of 11?
False
Does 61 divide 219?
False
Does 18 divide 23132?
False
Does 61 divide 890?
False
Does 11 divide 38324?
True
Does 30 divide 1770?
True
Does 4 divide 549?
False
Is 28 a factor of 3556?
True
Does 6 divide 4398?
True
Is 16 a factor of 3895?
False
Does 66 divide 3630?
True
Is 4760 a multiple of 20?
True
Is 2487 a multiple of 18?
False
Is 980 a multiple of 14?
True
Is 17 a factor of 646?
True
Does 60 divide 976?
False
Is 10140 a multiple of 26?
True
Does 146 divide 5840?
True
Is 718 a multiple of 8?
False
Does 85 divide 3910?
True
Is 37687 a multiple of 223?
True
Is 18354 a multiple of 21?
True
Does 2 divide 17?
False
Is 28557 a multiple of 167?
True
Is 34037 a multiple of 21?
False
Is 40885 a multiple of 65?
True
Is 2510 a multiple of 76?
False
Is 5307 a multiple of 61?
True
Is 31 a factor of 1767?
True
Is 58 a multiple of 3?
False
Does 14 divide 112?
True
Does 10 divide 450?
True
Is 3 a factor of 60?
True
Is 11226 a multiple of 56?
False
Is 589 a multiple of 19?
True
Is 9180 a multiple of 30?
True
Does 2 divide 10886?
True
Does 19 divide 843?
False
Is 15 a factor of 90?
True
Is 11231 a multiple of 7?
False
Is 168 a multiple of 56?
True
Is 390 a multiple of 10?
True
Is 384 a multiple of 6?
True
Is 11 a factor of 1162?
False
Does 60 divide 295?
False
Does 82 divide 7779?
False
Is 7152 a multiple of 15?
False
Is 12062 a multiple of 42?
False
Is 3848 a multiple of 20?
False
Is 13 a factor of 15600?
True
Is 23 a factor of 3627?
False
Does 35 divide 5070?
False
Does 7 divide 112?
True
Does 8 divide 6128?
True
Is 10 a factor of 365?
False
Is 2 a factor of 936?
True
Is 46 a factor of 6332?
False
Is 149 a factor of 9825?
False
Is 3735 a multiple of 8?
False
Is 7208 a multiple of 21?
False
Is 3120 a multiple of 104?
True
Is 122 a factor of 122?
True
Is 245 a multiple of 7?
True
Is 147 a multiple of 2?
False
Is 73 a factor of 1460?
True
Is 135 a factor of 2160?
True
Does 2 divide 383?
False
Is 15 a factor of 1187?
False
Is 35695 a multiple of 73?
False
Is 94 a multiple of 4?
False
Is 34852 a multiple of 335?
False
Does 14 divide 1512?
True
Does 30 divide 20387?
False
Is 74 a factor of 4405?
False
Is 111 a factor of 3500?
False
Is 298 a multiple of 3?
False
Does 81 divide 25215?
False
Is 2 a factor of 3224?
True
Does 19 divide 982?
False
Is 21 a factor of 7770?
True
Is 5360 a multiple of 67?
True
Is 195 a multiple of 39?
True
Is 3562 a multiple of 25?
False
Does 42 divide 21210?
True
Is 4 a factor of 124?
True
Does 52 divide 364?
True
Is 266 a factor of 107942?
False
Is 10 a factor of 1643?
False
Is 971 a multiple of 18?
False
Is 13032 a multiple of 72?
True
Does 6 divide 1477?
False
Is 1593 a multiple of 27?
True
Does 27 divide 2218?
False
Is 2711 a multiple of 16?
False
Is 2226 a multiple of 19?
False
Does 63 divide 11819?
False
Does 112 divide 3654?
False
Does 41 divide 2119?
False
Is 19 a factor of 13034?
True
Is 518 a multiple of 37?
True
Is 25 a factor of 425?
True
Is 2352 a multiple o